{"id":1610,"date":"2023-09-14T16:10:18","date_gmt":"2023-09-14T14:10:18","guid":{"rendered":"https:\/\/goboutik.org\/?page_id=1610"},"modified":"2023-09-14T16:10:19","modified_gmt":"2023-09-14T14:10:19","slug":"comment-modifier-les-parametres-dns-sur-lg-smart-tv","status":"publish","type":"page","link":"https:\/\/goboutik.org\/index.php\/comment-modifier-les-parametres-dns-sur-lg-smart-tv\/","title":{"rendered":"Comment modifier les param\u00e8tres DNS sur LG Smart TV"},"content":{"rendered":"\n<h2 class=\"wp-block-heading\">Comment changer de serveur DNS sur LG Smart TV?<\/h2>\n\n\n\n<ul class=\"wp-block-list\">\n<li>Appuyez sur la touche&nbsp;<strong>Accueil \/ D\u00e9marrer<\/strong>&nbsp;sur votre t\u00e9l\u00e9commande pour faire appara\u00eetre votre barre de lancement.<\/li>\n\n\n\n<li>Cliquez&nbsp;<strong>Param\u00e8tres<\/strong>&nbsp;ic\u00f4ne en haut \u00e0 droite.<\/li>\n\n\n\n<li>Choisissez le&nbsp;<strong>Tous les param\u00e8tres<\/strong>&nbsp;option en bas.<\/li>\n\n\n\n<li>Allez \u00e0&nbsp;<strong>R\u00e9seau<\/strong>&nbsp;menu de la gauche.<\/li>\n\n\n\n<li>Choisissez votre courant Wi-Fi connexion.<\/li>\n\n\n\n<li>Choisir&nbsp;<strong>Avanc\u00e9 Wi-Fi Param\u00e8tres<\/strong>&nbsp;au fond.<\/li>\n\n\n\n<li>Cliquez&nbsp;<strong>Modifier<\/strong>&nbsp;.<\/li>\n\n\n\n<li>D\u00e9cochez la case intitul\u00e9e&nbsp;<strong>D\u00e9finir automatiquement<\/strong>.<\/li>\n\n\n\n<li>Conservez la valeur dans le champ Adresse IP, Masque de sous-r\u00e9seau et Passerelle telle quelle.<\/li>\n\n\n\n<li>Saisissez l\u2019adresse DNS que vous souhaitez utiliser :\n<ul class=\"wp-block-list\">\n<li>Cloudflare \u2013&nbsp;<strong>1.1.1.1<\/strong>&nbsp;et&nbsp;<strong>1.0.0.1<\/strong><\/li>\n\n\n\n<li>OpenDNS \u2013&nbsp;<strong>208.67.222.222<\/strong>&nbsp;et&nbsp;<strong>208.67.220.220<\/strong><\/li>\n\n\n\n<li>GoogleDNS \u2013&nbsp;<strong>8.8.8.8<\/strong>&nbsp;et&nbsp;<strong>8.8.4.4<\/strong><\/li>\n<\/ul>\n<\/li>\n\n\n\n<li>Confirmer avec&nbsp;<strong>Contact<\/strong>.<\/li>\n<\/ul>\n","protected":false},"excerpt":{"rendered":"<p>Comment changer de serveur DNS sur LG Smart TV?<\/p>\n","protected":false},"author":1,"featured_media":0,"parent":0,"menu_order":0,"comment_status":"closed","ping_status":"closed","template":"","meta":{"footnotes":""},"class_list":["post-1610","page","type-page","status-publish","hentry"],"blocksy_meta":[],"yoast_head":"<!-- This site is optimized with the Yoast SEO plugin v27.3 - https:\/\/yoast.com\/product\/yoast-seo-wordpress\/ -->\n<title>Comment modifier les param\u00e8tres DNS sur LG Smart TV - Goboutik<\/title>\n<meta name=\"robots\" content=\"index, follow, max-snippet:-1, max-image-preview:large, max-video-preview:-1\" \/>\n<link rel=\"canonical\" href=\"https:\/\/goboutik.org\/index.php\/comment-modifier-les-parametres-dns-sur-lg-smart-tv\/\" \/>\n<meta property=\"og:locale\" content=\"fr_FR\" \/>\n<meta property=\"og:type\" content=\"article\" \/>\n<meta property=\"og:title\" content=\"Comment modifier les param\u00e8tres DNS sur LG Smart TV - Goboutik\" \/>\n<meta property=\"og:description\" content=\"Comment changer de serveur DNS sur LG Smart TV?\" \/>\n<meta property=\"og:url\" content=\"https:\/\/goboutik.org\/index.php\/comment-modifier-les-parametres-dns-sur-lg-smart-tv\/\" \/>\n<meta property=\"og:site_name\" content=\"Goboutik\" \/>\n<meta property=\"article:modified_time\" content=\"2023-09-14T14:10:19+00:00\" \/>\n<meta name=\"twitter:card\" content=\"summary_large_image\" \/>\n<meta name=\"twitter:label1\" content=\"Dur\u00e9e de lecture estim\u00e9e\" \/>\n\t<meta name=\"twitter:data1\" content=\"1 minute\" \/>\n<script type=\"application\/ld+json\" class=\"yoast-schema-graph\">{\"@context\":\"https:\\\/\\\/schema.org\",\"@graph\":[{\"@type\":\"WebPage\",\"@id\":\"https:\\\/\\\/goboutik.org\\\/index.php\\\/comment-modifier-les-parametres-dns-sur-lg-smart-tv\\\/\",\"url\":\"https:\\\/\\\/goboutik.org\\\/index.php\\\/comment-modifier-les-parametres-dns-sur-lg-smart-tv\\\/\",\"name\":\"Comment modifier les param\u00e8tres DNS sur LG Smart TV - Goboutik\",\"isPartOf\":{\"@id\":\"https:\\\/\\\/goboutik.org\\\/#website\"},\"datePublished\":\"2023-09-14T14:10:18+00:00\",\"dateModified\":\"2023-09-14T14:10:19+00:00\",\"breadcrumb\":{\"@id\":\"https:\\\/\\\/goboutik.org\\\/index.php\\\/comment-modifier-les-parametres-dns-sur-lg-smart-tv\\\/#breadcrumb\"},\"inLanguage\":\"fr-FR\",\"potentialAction\":[{\"@type\":\"ReadAction\",\"target\":[\"https:\\\/\\\/goboutik.org\\\/index.php\\\/comment-modifier-les-parametres-dns-sur-lg-smart-tv\\\/\"]}]},{\"@type\":\"BreadcrumbList\",\"@id\":\"https:\\\/\\\/goboutik.org\\\/index.php\\\/comment-modifier-les-parametres-dns-sur-lg-smart-tv\\\/#breadcrumb\",\"itemListElement\":[{\"@type\":\"ListItem\",\"position\":1,\"name\":\"Home\",\"item\":\"https:\\\/\\\/goboutik.org\\\/\"},{\"@type\":\"ListItem\",\"position\":2,\"name\":\"Comment modifier les param\u00e8tres DNS sur LG Smart TV\"}]},{\"@type\":\"WebSite\",\"@id\":\"https:\\\/\\\/goboutik.org\\\/#website\",\"url\":\"https:\\\/\\\/goboutik.org\\\/\",\"name\":\"Goboutik\",\"description\":\"Abonnement iptv\",\"publisher\":{\"@id\":\"https:\\\/\\\/goboutik.org\\\/#organization\"},\"potentialAction\":[{\"@type\":\"SearchAction\",\"target\":{\"@type\":\"EntryPoint\",\"urlTemplate\":\"https:\\\/\\\/goboutik.org\\\/?s={search_term_string}\"},\"query-input\":{\"@type\":\"PropertyValueSpecification\",\"valueRequired\":true,\"valueName\":\"search_term_string\"}}],\"inLanguage\":\"fr-FR\"},{\"@type\":\"Organization\",\"@id\":\"https:\\\/\\\/goboutik.org\\\/#organization\",\"name\":\"Goboutik\",\"url\":\"https:\\\/\\\/goboutik.org\\\/\",\"logo\":{\"@type\":\"ImageObject\",\"inLanguage\":\"fr-FR\",\"@id\":\"https:\\\/\\\/goboutik.org\\\/#\\\/schema\\\/logo\\\/image\\\/\",\"url\":\"https:\\\/\\\/goboutik.org\\\/wp-content\\\/uploads\\\/2023\\\/07\\\/Logo.png\",\"contentUrl\":\"https:\\\/\\\/goboutik.org\\\/wp-content\\\/uploads\\\/2023\\\/07\\\/Logo.png\",\"width\":114,\"height\":114,\"caption\":\"Goboutik\"},\"image\":{\"@id\":\"https:\\\/\\\/goboutik.org\\\/#\\\/schema\\\/logo\\\/image\\\/\"}}]}<\/script>\n<!-- \/ Yoast SEO plugin. -->","yoast_head_json":{"title":"Comment modifier les param\u00e8tres DNS sur LG Smart TV - Goboutik","robots":{"index":"index","follow":"follow","max-snippet":"max-snippet:-1","max-image-preview":"max-image-preview:large","max-video-preview":"max-video-preview:-1"},"canonical":"https:\/\/goboutik.org\/index.php\/comment-modifier-les-parametres-dns-sur-lg-smart-tv\/","og_locale":"fr_FR","og_type":"article","og_title":"Comment modifier les param\u00e8tres DNS sur LG Smart TV - Goboutik","og_description":"Comment changer de serveur DNS sur LG Smart TV?","og_url":"https:\/\/goboutik.org\/index.php\/comment-modifier-les-parametres-dns-sur-lg-smart-tv\/","og_site_name":"Goboutik","article_modified_time":"2023-09-14T14:10:19+00:00","twitter_card":"summary_large_image","twitter_misc":{"Dur\u00e9e de lecture estim\u00e9e":"1 minute"},"schema":{"@context":"https:\/\/schema.org","@graph":[{"@type":"WebPage","@id":"https:\/\/goboutik.org\/index.php\/comment-modifier-les-parametres-dns-sur-lg-smart-tv\/","url":"https:\/\/goboutik.org\/index.php\/comment-modifier-les-parametres-dns-sur-lg-smart-tv\/","name":"Comment modifier les param\u00e8tres DNS sur LG Smart TV - Goboutik","isPartOf":{"@id":"https:\/\/goboutik.org\/#website"},"datePublished":"2023-09-14T14:10:18+00:00","dateModified":"2023-09-14T14:10:19+00:00","breadcrumb":{"@id":"https:\/\/goboutik.org\/index.php\/comment-modifier-les-parametres-dns-sur-lg-smart-tv\/#breadcrumb"},"inLanguage":"fr-FR","potentialAction":[{"@type":"ReadAction","target":["https:\/\/goboutik.org\/index.php\/comment-modifier-les-parametres-dns-sur-lg-smart-tv\/"]}]},{"@type":"BreadcrumbList","@id":"https:\/\/goboutik.org\/index.php\/comment-modifier-les-parametres-dns-sur-lg-smart-tv\/#breadcrumb","itemListElement":[{"@type":"ListItem","position":1,"name":"Home","item":"https:\/\/goboutik.org\/"},{"@type":"ListItem","position":2,"name":"Comment modifier les param\u00e8tres DNS sur LG Smart TV"}]},{"@type":"WebSite","@id":"https:\/\/goboutik.org\/#website","url":"https:\/\/goboutik.org\/","name":"Goboutik","description":"Abonnement iptv","publisher":{"@id":"https:\/\/goboutik.org\/#organization"},"potentialAction":[{"@type":"SearchAction","target":{"@type":"EntryPoint","urlTemplate":"https:\/\/goboutik.org\/?s={search_term_string}"},"query-input":{"@type":"PropertyValueSpecification","valueRequired":true,"valueName":"search_term_string"}}],"inLanguage":"fr-FR"},{"@type":"Organization","@id":"https:\/\/goboutik.org\/#organization","name":"Goboutik","url":"https:\/\/goboutik.org\/","logo":{"@type":"ImageObject","inLanguage":"fr-FR","@id":"https:\/\/goboutik.org\/#\/schema\/logo\/image\/","url":"https:\/\/goboutik.org\/wp-content\/uploads\/2023\/07\/Logo.png","contentUrl":"https:\/\/goboutik.org\/wp-content\/uploads\/2023\/07\/Logo.png","width":114,"height":114,"caption":"Goboutik"},"image":{"@id":"https:\/\/goboutik.org\/#\/schema\/logo\/image\/"}}]}},"_links":{"self":[{"href":"https:\/\/goboutik.org\/index.php\/wp-json\/wp\/v2\/pages\/1610","targetHints":{"allow":["GET"]}}],"collection":[{"href":"https:\/\/goboutik.org\/index.php\/wp-json\/wp\/v2\/pages"}],"about":[{"href":"https:\/\/goboutik.org\/index.php\/wp-json\/wp\/v2\/types\/page"}],"author":[{"embeddable":true,"href":"https:\/\/goboutik.org\/index.php\/wp-json\/wp\/v2\/users\/1"}],"replies":[{"embeddable":true,"href":"https:\/\/goboutik.org\/index.php\/wp-json\/wp\/v2\/comments?post=1610"}],"version-history":[{"count":1,"href":"https:\/\/goboutik.org\/index.php\/wp-json\/wp\/v2\/pages\/1610\/revisions"}],"predecessor-version":[{"id":1611,"href":"https:\/\/goboutik.org\/index.php\/wp-json\/wp\/v2\/pages\/1610\/revisions\/1611"}],"wp:attachment":[{"href":"https:\/\/goboutik.org\/index.php\/wp-json\/wp\/v2\/media?parent=1610"}],"curies":[{"name":"wp","href":"https:\/\/api.w.org\/{rel}","templated":true}]}}