{"id":1608,"date":"2023-09-14T16:09:17","date_gmt":"2023-09-14T14:09:17","guid":{"rendered":"https:\/\/goboutik.org\/?page_id=1608"},"modified":"2023-09-14T16:09:18","modified_gmt":"2023-09-14T14:09:18","slug":"changer-les-serveurs-dns-de-la-freebox-revolution","status":"publish","type":"page","link":"https:\/\/goboutik.org\/index.php\/changer-les-serveurs-dns-de-la-freebox-revolution\/","title":{"rendered":"Changer les serveurs DNS de la Freebox Revolution"},"content":{"rendered":"\n<p>Voici la marche \u00e0 suivre, cela prend environ 1 minute \u00e0 modifier. Nous allons utiliser les serveurs DNS de Cloudflare pour cet article:<\/p>\n\n\n\n<p>Rendez-vous dans la console Freebox sur http:\/\/mafreebox.free.fr<\/p>\n\n\n\n<p><strong>Identifiez-vous<\/strong>.<\/p>\n\n\n\n<p>Rendez-vous dans Param\u00e8tres de la&nbsp;<strong>Freebox &gt; DHCP<\/strong>.<\/p>\n\n\n\n<p>En serveur DNS1, mettez&nbsp;<strong>1.1.1.1<\/strong><\/p>\n\n\n\n<p>En serveur DNS2, mettez&nbsp;<strong>1.0.0.1<\/strong><\/p>\n\n\n\n<p>En serveur DNS3, gardez le DNS de Free en redondance:&nbsp;<strong>192.168.0.254<\/strong><\/p>\n\n\n\n<p>Appliquez les changements pour sauvegarder la nouvelle configuration.<\/p>\n\n\n\n<p>Voici ce que cela donne en image:<\/p>\n\n\n\n<figure class=\"wp-block-image\"><img decoding=\"async\" src=\"https:\/\/static.skyminds.net\/2020\/02\/dns-freebox-cloudflare-1280x826.png\" alt=\"dns freebox cloudflare 1280x826\" class=\"wp-image-32331\" title=\"dns freebox cloudflare 1280x826\"\/><\/figure>\n\n\n\n<p>Une autre alternative est d\u2019utiliser les DNS suivant :<\/p>\n\n\n\n<blockquote class=\"wp-block-quote is-layout-flow wp-block-quote-is-layout-flow\">\n<p>DNS1: 9.9.9.9<\/p>\n\n\n\n<p>DNS2: 149.112.112.112<\/p>\n<\/blockquote>\n\n\n\n<p>Et voil\u00e0, les serveurs IPTV auparavant bloqu\u00e9s sont d\u00e9sormais accessibles.<\/p>\n","protected":false},"excerpt":{"rendered":"<p>Voici la marche \u00e0 suivre, cela prend environ 1 minute \u00e0 modifier. Nous allons utiliser les serveurs DNS de Cloudflare pour cet article: Rendez-vous dans la console Freebox sur http:\/\/mafreebox.free.fr Identifiez-vous. Rendez-vous dans Param\u00e8tres de la&nbsp;Freebox &gt; DHCP. En serveur DNS1, mettez&nbsp;1.1.1.1 En serveur DNS2, mettez&nbsp;1.0.0.1 En serveur DNS3, gardez le DNS de Free en [&hellip;]<\/p>\n","protected":false},"author":1,"featured_media":0,"parent":0,"menu_order":0,"comment_status":"closed","ping_status":"closed","template":"","meta":{"footnotes":""},"class_list":["post-1608","page","type-page","status-publish","hentry"],"blocksy_meta":[],"yoast_head":"<!-- This site is optimized with the Yoast SEO plugin v27.3 - https:\/\/yoast.com\/product\/yoast-seo-wordpress\/ -->\n<title>Changer les serveurs DNS de la Freebox Revolution - Goboutik<\/title>\n<meta name=\"robots\" content=\"index, follow, max-snippet:-1, max-image-preview:large, max-video-preview:-1\" \/>\n<link rel=\"canonical\" href=\"https:\/\/goboutik.org\/index.php\/changer-les-serveurs-dns-de-la-freebox-revolution\/\" \/>\n<meta property=\"og:locale\" content=\"fr_FR\" \/>\n<meta property=\"og:type\" content=\"article\" \/>\n<meta property=\"og:title\" content=\"Changer les serveurs DNS de la Freebox Revolution - Goboutik\" \/>\n<meta property=\"og:description\" content=\"Voici la marche \u00e0 suivre, cela prend environ 1 minute \u00e0 modifier. Nous allons utiliser les serveurs DNS de Cloudflare pour cet article: Rendez-vous dans la console Freebox sur http:\/\/mafreebox.free.fr Identifiez-vous. Rendez-vous dans Param\u00e8tres de la&nbsp;Freebox &gt; DHCP. En serveur DNS1, mettez&nbsp;1.1.1.1 En serveur DNS2, mettez&nbsp;1.0.0.1 En serveur DNS3, gardez le DNS de Free en [&hellip;]\" \/>\n<meta property=\"og:url\" content=\"https:\/\/goboutik.org\/index.php\/changer-les-serveurs-dns-de-la-freebox-revolution\/\" \/>\n<meta property=\"og:site_name\" content=\"Goboutik\" \/>\n<meta property=\"article:modified_time\" content=\"2023-09-14T14:09:18+00:00\" \/>\n<meta property=\"og:image\" content=\"https:\/\/static.skyminds.net\/2020\/02\/dns-freebox-cloudflare-1280x826.png\" \/>\n<meta name=\"twitter:card\" content=\"summary_large_image\" \/>\n<meta name=\"twitter:label1\" content=\"Dur\u00e9e de lecture estim\u00e9e\" \/>\n\t<meta name=\"twitter:data1\" content=\"1 minute\" \/>\n<script type=\"application\/ld+json\" class=\"yoast-schema-graph\">{\"@context\":\"https:\\\/\\\/schema.org\",\"@graph\":[{\"@type\":\"WebPage\",\"@id\":\"https:\\\/\\\/goboutik.org\\\/index.php\\\/changer-les-serveurs-dns-de-la-freebox-revolution\\\/\",\"url\":\"https:\\\/\\\/goboutik.org\\\/index.php\\\/changer-les-serveurs-dns-de-la-freebox-revolution\\\/\",\"name\":\"Changer les serveurs DNS de la Freebox Revolution - Goboutik\",\"isPartOf\":{\"@id\":\"https:\\\/\\\/goboutik.org\\\/#website\"},\"primaryImageOfPage\":{\"@id\":\"https:\\\/\\\/goboutik.org\\\/index.php\\\/changer-les-serveurs-dns-de-la-freebox-revolution\\\/#primaryimage\"},\"image\":{\"@id\":\"https:\\\/\\\/goboutik.org\\\/index.php\\\/changer-les-serveurs-dns-de-la-freebox-revolution\\\/#primaryimage\"},\"thumbnailUrl\":\"https:\\\/\\\/static.skyminds.net\\\/2020\\\/02\\\/dns-freebox-cloudflare-1280x826.png\",\"datePublished\":\"2023-09-14T14:09:17+00:00\",\"dateModified\":\"2023-09-14T14:09:18+00:00\",\"breadcrumb\":{\"@id\":\"https:\\\/\\\/goboutik.org\\\/index.php\\\/changer-les-serveurs-dns-de-la-freebox-revolution\\\/#breadcrumb\"},\"inLanguage\":\"fr-FR\",\"potentialAction\":[{\"@type\":\"ReadAction\",\"target\":[\"https:\\\/\\\/goboutik.org\\\/index.php\\\/changer-les-serveurs-dns-de-la-freebox-revolution\\\/\"]}]},{\"@type\":\"ImageObject\",\"inLanguage\":\"fr-FR\",\"@id\":\"https:\\\/\\\/goboutik.org\\\/index.php\\\/changer-les-serveurs-dns-de-la-freebox-revolution\\\/#primaryimage\",\"url\":\"https:\\\/\\\/static.skyminds.net\\\/2020\\\/02\\\/dns-freebox-cloudflare-1280x826.png\",\"contentUrl\":\"https:\\\/\\\/static.skyminds.net\\\/2020\\\/02\\\/dns-freebox-cloudflare-1280x826.png\"},{\"@type\":\"BreadcrumbList\",\"@id\":\"https:\\\/\\\/goboutik.org\\\/index.php\\\/changer-les-serveurs-dns-de-la-freebox-revolution\\\/#breadcrumb\",\"itemListElement\":[{\"@type\":\"ListItem\",\"position\":1,\"name\":\"Home\",\"item\":\"https:\\\/\\\/goboutik.org\\\/\"},{\"@type\":\"ListItem\",\"position\":2,\"name\":\"Changer les serveurs DNS de la Freebox Revolution\"}]},{\"@type\":\"WebSite\",\"@id\":\"https:\\\/\\\/goboutik.org\\\/#website\",\"url\":\"https:\\\/\\\/goboutik.org\\\/\",\"name\":\"Goboutik\",\"description\":\"Abonnement iptv\",\"publisher\":{\"@id\":\"https:\\\/\\\/goboutik.org\\\/#organization\"},\"potentialAction\":[{\"@type\":\"SearchAction\",\"target\":{\"@type\":\"EntryPoint\",\"urlTemplate\":\"https:\\\/\\\/goboutik.org\\\/?s={search_term_string}\"},\"query-input\":{\"@type\":\"PropertyValueSpecification\",\"valueRequired\":true,\"valueName\":\"search_term_string\"}}],\"inLanguage\":\"fr-FR\"},{\"@type\":\"Organization\",\"@id\":\"https:\\\/\\\/goboutik.org\\\/#organization\",\"name\":\"Goboutik\",\"url\":\"https:\\\/\\\/goboutik.org\\\/\",\"logo\":{\"@type\":\"ImageObject\",\"inLanguage\":\"fr-FR\",\"@id\":\"https:\\\/\\\/goboutik.org\\\/#\\\/schema\\\/logo\\\/image\\\/\",\"url\":\"https:\\\/\\\/goboutik.org\\\/wp-content\\\/uploads\\\/2023\\\/07\\\/Logo.png\",\"contentUrl\":\"https:\\\/\\\/goboutik.org\\\/wp-content\\\/uploads\\\/2023\\\/07\\\/Logo.png\",\"width\":114,\"height\":114,\"caption\":\"Goboutik\"},\"image\":{\"@id\":\"https:\\\/\\\/goboutik.org\\\/#\\\/schema\\\/logo\\\/image\\\/\"}}]}<\/script>\n<!-- \/ Yoast SEO plugin. -->","yoast_head_json":{"title":"Changer les serveurs DNS de la Freebox Revolution - Goboutik","robots":{"index":"index","follow":"follow","max-snippet":"max-snippet:-1","max-image-preview":"max-image-preview:large","max-video-preview":"max-video-preview:-1"},"canonical":"https:\/\/goboutik.org\/index.php\/changer-les-serveurs-dns-de-la-freebox-revolution\/","og_locale":"fr_FR","og_type":"article","og_title":"Changer les serveurs DNS de la Freebox Revolution - Goboutik","og_description":"Voici la marche \u00e0 suivre, cela prend environ 1 minute \u00e0 modifier. Nous allons utiliser les serveurs DNS de Cloudflare pour cet article: Rendez-vous dans la console Freebox sur http:\/\/mafreebox.free.fr Identifiez-vous. Rendez-vous dans Param\u00e8tres de la&nbsp;Freebox &gt; DHCP. En serveur DNS1, mettez&nbsp;1.1.1.1 En serveur DNS2, mettez&nbsp;1.0.0.1 En serveur DNS3, gardez le DNS de Free en [&hellip;]","og_url":"https:\/\/goboutik.org\/index.php\/changer-les-serveurs-dns-de-la-freebox-revolution\/","og_site_name":"Goboutik","article_modified_time":"2023-09-14T14:09:18+00:00","og_image":[{"url":"https:\/\/static.skyminds.net\/2020\/02\/dns-freebox-cloudflare-1280x826.png","type":"","width":"","height":""}],"twitter_card":"summary_large_image","twitter_misc":{"Dur\u00e9e de lecture estim\u00e9e":"1 minute"},"schema":{"@context":"https:\/\/schema.org","@graph":[{"@type":"WebPage","@id":"https:\/\/goboutik.org\/index.php\/changer-les-serveurs-dns-de-la-freebox-revolution\/","url":"https:\/\/goboutik.org\/index.php\/changer-les-serveurs-dns-de-la-freebox-revolution\/","name":"Changer les serveurs DNS de la Freebox Revolution - Goboutik","isPartOf":{"@id":"https:\/\/goboutik.org\/#website"},"primaryImageOfPage":{"@id":"https:\/\/goboutik.org\/index.php\/changer-les-serveurs-dns-de-la-freebox-revolution\/#primaryimage"},"image":{"@id":"https:\/\/goboutik.org\/index.php\/changer-les-serveurs-dns-de-la-freebox-revolution\/#primaryimage"},"thumbnailUrl":"https:\/\/static.skyminds.net\/2020\/02\/dns-freebox-cloudflare-1280x826.png","datePublished":"2023-09-14T14:09:17+00:00","dateModified":"2023-09-14T14:09:18+00:00","breadcrumb":{"@id":"https:\/\/goboutik.org\/index.php\/changer-les-serveurs-dns-de-la-freebox-revolution\/#breadcrumb"},"inLanguage":"fr-FR","potentialAction":[{"@type":"ReadAction","target":["https:\/\/goboutik.org\/index.php\/changer-les-serveurs-dns-de-la-freebox-revolution\/"]}]},{"@type":"ImageObject","inLanguage":"fr-FR","@id":"https:\/\/goboutik.org\/index.php\/changer-les-serveurs-dns-de-la-freebox-revolution\/#primaryimage","url":"https:\/\/static.skyminds.net\/2020\/02\/dns-freebox-cloudflare-1280x826.png","contentUrl":"https:\/\/static.skyminds.net\/2020\/02\/dns-freebox-cloudflare-1280x826.png"},{"@type":"BreadcrumbList","@id":"https:\/\/goboutik.org\/index.php\/changer-les-serveurs-dns-de-la-freebox-revolution\/#breadcrumb","itemListElement":[{"@type":"ListItem","position":1,"name":"Home","item":"https:\/\/goboutik.org\/"},{"@type":"ListItem","position":2,"name":"Changer les serveurs DNS de la Freebox Revolution"}]},{"@type":"WebSite","@id":"https:\/\/goboutik.org\/#website","url":"https:\/\/goboutik.org\/","name":"Goboutik","description":"Abonnement iptv","publisher":{"@id":"https:\/\/goboutik.org\/#organization"},"potentialAction":[{"@type":"SearchAction","target":{"@type":"EntryPoint","urlTemplate":"https:\/\/goboutik.org\/?s={search_term_string}"},"query-input":{"@type":"PropertyValueSpecification","valueRequired":true,"valueName":"search_term_string"}}],"inLanguage":"fr-FR"},{"@type":"Organization","@id":"https:\/\/goboutik.org\/#organization","name":"Goboutik","url":"https:\/\/goboutik.org\/","logo":{"@type":"ImageObject","inLanguage":"fr-FR","@id":"https:\/\/goboutik.org\/#\/schema\/logo\/image\/","url":"https:\/\/goboutik.org\/wp-content\/uploads\/2023\/07\/Logo.png","contentUrl":"https:\/\/goboutik.org\/wp-content\/uploads\/2023\/07\/Logo.png","width":114,"height":114,"caption":"Goboutik"},"image":{"@id":"https:\/\/goboutik.org\/#\/schema\/logo\/image\/"}}]}},"_links":{"self":[{"href":"https:\/\/goboutik.org\/index.php\/wp-json\/wp\/v2\/pages\/1608","targetHints":{"allow":["GET"]}}],"collection":[{"href":"https:\/\/goboutik.org\/index.php\/wp-json\/wp\/v2\/pages"}],"about":[{"href":"https:\/\/goboutik.org\/index.php\/wp-json\/wp\/v2\/types\/page"}],"author":[{"embeddable":true,"href":"https:\/\/goboutik.org\/index.php\/wp-json\/wp\/v2\/users\/1"}],"replies":[{"embeddable":true,"href":"https:\/\/goboutik.org\/index.php\/wp-json\/wp\/v2\/comments?post=1608"}],"version-history":[{"count":1,"href":"https:\/\/goboutik.org\/index.php\/wp-json\/wp\/v2\/pages\/1608\/revisions"}],"predecessor-version":[{"id":1609,"href":"https:\/\/goboutik.org\/index.php\/wp-json\/wp\/v2\/pages\/1608\/revisions\/1609"}],"wp:attachment":[{"href":"https:\/\/goboutik.org\/index.php\/wp-json\/wp\/v2\/media?parent=1608"}],"curies":[{"name":"wp","href":"https:\/\/api.w.org\/{rel}","templated":true}]}}